{"id":140,"date":"2025-10-24T11:33:01","date_gmt":"2025-10-24T14:33:01","guid":{"rendered":"https:\/\/editoriallaborat.com.br\/?page_id=140"},"modified":"2025-10-24T11:47:12","modified_gmt":"2025-10-24T14:47:12","slug":"como-publicar","status":"publish","type":"page","link":"https:\/\/editoriallaborat.com.br\/?page_id=140","title":{"rendered":"Como Publicar"},"content":{"rendered":"\n<p class=\"has-text-align-center has-system-serif-font-family has-xx-large-font-size\">Editorial Labor<em>A<\/em>t<\/p>\n\n\n\n<div class=\"wp-block-buttons is-content-justification-center is-layout-flex wp-container-core-buttons-is-layout-a89b3969 wp-block-buttons-is-layout-flex\">\n<div class=\"wp-block-button has-custom-width wp-block-button__width-50\"><a class=\"wp-block-button__link has-contrast-color has-accent-2-background-color has-text-color has-background has-link-color has-heading-font-family has-large-font-size has-custom-font-size wp-element-button\" style=\"border-radius:73px;padding-right:var(--wp--preset--spacing--10);padding-left:var(--wp--preset--spacing--10)\"><strong>C<em>om<\/em>o Pu<em>blic<\/em>ar<\/strong><\/a><\/div>\n<\/div>\n\n\n\n<div class=\"wp-block-buttons is-content-justification-center is-layout-flex wp-container-core-buttons-is-layout-a89b3969 wp-block-buttons-is-layout-flex\">\n<div class=\"wp-block-button\"><a class=\"wp-block-button__link has-contrast-color has-contrast-3-background-color has-text-color has-background has-link-color wp-element-button\" href=\"#livros\">Livros<\/a><\/div>\n\n\n\n<div class=\"wp-block-button\"><a class=\"wp-block-button__link has-contrast-color has-accent-4-background-color has-text-color has-background has-link-color wp-element-button\" href=\"#midiasalternativas\">M\u00eddias Alternativas<\/a><\/div>\n\n\n\n<div class=\"wp-block-button\"><a class=\"wp-block-button__link has-contrast-color has-accent-5-background-color has-text-color has-background has-link-color wp-element-button\" href=\"#repositorio\">Reposit\u00f3rio<\/a><\/div>\n<\/div>\n\n\n\n<div style=\"height:20px\" aria-hidden=\"true\" id=\"livros\" class=\"wp-block-spacer\"><\/div>\n\n\n\n<p class=\"has-text-align-center has-medium-font-size\"><strong>I. Para publica\u00e7\u00e3o de livros autorais<\/strong><br><\/p>\n\n\n\n<p class=\"has-system-serif-font-family has-medium-font-size\" style=\"border-style:none;border-width:0px;margin-top:0;margin-right:0;margin-bottom:0;margin-left:0;padding-top:0;padding-right:0;padding-bottom:0;padding-left:0\">Considerem-se, antes de tudo, as \u00e1reas de interesse do Editorial, nos diferentes campos que dialogam com aspectos diversos das quest\u00f5es relacionadas \u00e0 Educa\u00e7\u00e3o Social Inclusiva, incluindo-se desde a educa\u00e7\u00e3o especial aos diferentes nichos de inclus\u00e3o de sujeitos em condi\u00e7\u00e3o de diversidade, como, por exemplo, intelectual cultural, \u00e9tnico-racial ou de g\u00eanero.<\/p>\n\n\n\n<p class=\"has-system-serif-font-family has-medium-font-size\" style=\"border-style:none;border-width:0px;margin-top:0;margin-right:0;margin-bottom:0;margin-left:0;padding-top:0;padding-right:0;padding-bottom:0;padding-left:0\">Considere-se, tamb\u00e9m, que o Editorial tem compromisso com o desenvolvimento de conhecimento derivado de vozes do Sul do planeta, particularmente do Brasil e seus pares latino-americanos. Nisto consiste, propriamente, o que se entende por \u201c<em>livro autoral<\/em>\u201d.<\/p>\n\n\n\n<p class=\"has-system-serif-font-family has-medium-font-size\"><strong>Do conte\u00fado<\/strong>: no escopo do Editorial LaborAt, livros autorais comp\u00f5em-se de estudos monogr\u00e1ficos que contenham contribui\u00e7\u00f5es in\u00e9ditas ao avan\u00e7o do arcabou\u00e7o te\u00f3rico das ci\u00eancias Humanas ou Sociais. N\u00e3o se enquadram neste perfil, trabalhos oriundos de pesquisas aplicadas focalmente, estudos de caso, relatos ou narrativas pessoais, ou outros, que n\u00e3o tenham por objeto central quest\u00f5es de cunho fundamentalmente te\u00f3rico.<\/p>\n\n\n\n<p class=\"has-system-serif-font-family\">Entre os tipos de contribui\u00e7\u00f5es que se podem caracterizar como fundamentalmente te\u00f3ricas, incluem-se, por exemplo: a) estudos visando a definir exaustivamente um conceito, modelo ou doutrina te\u00f3rica visando a contribuir com hip\u00f3teses destinadas a caracterizar, explicar e descrever as representa\u00e7\u00f5es simb\u00f3licas do Homem em condi\u00e7\u00e3o de diversidade, sua linguagem, modos de pensar e produzir cultura; b) estudos, comparados ou n\u00e3o, dedicados \u00e0 avalia\u00e7\u00e3o sistem\u00e1tica de aportes te\u00f3ricos j\u00e1 concebidos, seja do ponto de vista de suas bases argumentativas, seja do ponto de vista de seu emprego como base fundamental da Educa\u00e7\u00e3o Social Inclusiva; c) resenhas te\u00f3ricas contrastivas ou complementares, visando descrever a mem\u00f3ria hist\u00f3rica das bases te\u00f3ricas de um conceito, modelo ou doutrina que apresentem significativo interesse para os estudos em Educa\u00e7\u00e3o Social Inclusiva.<\/p>\n\n\n\n<p class=\"has-system-serif-font-family\"><strong>Dos autores<\/strong>: independentemente do processo de avalia\u00e7\u00e3o dos originais pelo comit\u00ea editorial, todo autor deve atender a alguns crit\u00e9rios de credenciamento pr\u00e9vio, a saber: (1) ser docente (ou ter sido, em caso de aposentado) credenciado como membro permanente e orientador de um programa de p\u00f3s-gradua\u00e7\u00e3o, apresentando produ\u00e7\u00e3o acad\u00eamica compat\u00edvel verific\u00e1vel em plataformas digitais acad\u00eamico-cient\u00edficas; (2) no caso de docente atuando fora do Brasil, atuar na orienta\u00e7\u00e3o de pesquisadores p\u00f3s-graduandos de mestrado ou doutorado e apresentar produ\u00e7\u00e3o acad\u00eamica compat\u00edvel com aquela necess\u00e1ria para fins de credenciamento em programas de p\u00f3s-gradua\u00e7\u00e3o bem avaliados no Brasil.<\/p>\n\n\n\n<p class=\"has-system-serif-font-family\"><strong>Originais<\/strong>: Manuscritos devem ser in\u00e9ditos, redigidos em Portugu\u00eas ou Espanhol, em formato <em>MS-Word<\/em> (<em>docx<\/em>), contendo 100 ou mais laudas, e acompanhados de declara\u00e7\u00e3o de adequa\u00e7\u00e3o lingu\u00edstico-gramatical emitida por revisor qualificado com forma\u00e7\u00e3o em Letras (o editorial n\u00e3o realiza revis\u00e3o textual). &nbsp;<\/p>\n\n\n\n<p class=\"has-system-serif-font-family\"><strong>Colet\u00e2neas<\/strong>: publicam-se obras colet\u00e2neas compostas por cap\u00edtulos elaborados por diferentes autores, neste caso, considerando-se todas as demais condi\u00e7\u00f5es acima e, ainda a seguintes: (i) todos os cap\u00edtulos sejam uniformes em forma e extens\u00e3o; (ii) sejam coerentes com um tema comum, de modo a que se possa ter na obra uma unidade semelhante \u00e0 de um estudo monogr\u00e1fico; em colet\u00e2neas, todos os cap\u00edtulos devem ser assinados por um docente qualificado como autor, podendo vir assinados, tamb\u00e9m, por seus orientandos atuais ou egressos devidamente vinculados a seus respectivos grupos de pesquisa.<\/p>\n\n\n\n<p class=\"has-system-serif-font-family\"><strong>Como submeter<\/strong>: Encaminhe o manuscrito para <em><a href=\"mailto:editoria@editoriallaborat.com.br\">editoria@editoriallaborat.com.br<\/a><\/em> acompanhado dos seguintes documentos complementares: Formul\u00e1rio 1: Submiss\u00e3o (download) e Declara\u00e7\u00e3o de Adequa\u00e7\u00e3o Textual (emitido pelo revisor qualificado). Caso aprovado em primeira inst\u00e2ncia pela editoria executiva, o autor ser\u00e1 informado sobre o in\u00edcio do processo de avalia\u00e7\u00e3o por pares.<\/p>\n\n\n\n<div style=\"height:5px\" aria-hidden=\"true\" id=\"midiasalternativas\" class=\"wp-block-spacer\"><\/div>\n\n\n\n<p class=\"has-text-align-center\"><strong>II. Para publica\u00e7\u00e3o de m\u00eddias acad\u00eamicas alternativas<\/strong><\/p>\n\n\n\n<p class=\"has-system-serif-font-family\">Consideramos m\u00eddias acad\u00eamicas alternativas aquelas que transbordam os limites dos textos escritos, explorando diferentes tipos de m\u00eddias hipertextuais ou, sobretudo, diferentes experi\u00eancias com a produ\u00e7\u00e3o visual integrada \u00e0 informa\u00e7\u00e3o acad\u00eamico-cient\u00edfica, inclusive como formas de arte; neste ramo de publica\u00e7\u00f5es do editorial, privilegiam-se obras que contribuam para o desenvolvimento de novos g\u00eaneros de informa\u00e7\u00e3o aplic\u00e1veis no futuro das m\u00eddias da imprensa acad\u00eamico-cient\u00edfica.<\/p>\n\n\n\n<p class=\"has-system-serif-font-family\"><strong>Do conte\u00fado<\/strong>: Dado o car\u00e1ter experimental deste ramo de publica\u00e7\u00f5es, enfatiza-se o produto em si independentemente dos temas abordados, restringindo-se t\u00e3o somente aquilo que for objeto de desinforma\u00e7\u00e3o, publicidade de cunho privado ou pessoal, e, em especial, constituir mat\u00e9ria lesiva \u00e0 integridade moral de pessoas, grupos sociais, apolog\u00e9ticas a ideologias sectaristas ou indutoras de comportamentos, cren\u00e7as ou afins relacionados ao \u00f3dio, \u00e0 discrimina\u00e7\u00e3o, \u00e0 apologia ao crime ou quaisquer outros ramos lesivos \u00e0 integridade humana, \u00e0s institui\u00e7\u00f5es democr\u00e1ticas e aos direitos fundamentais.<\/p>\n\n\n\n<p class=\"has-system-serif-font-family\"><strong>Dos autores<\/strong>: A submiss\u00e3o de um projeto de edi\u00e7\u00e3o de m\u00eddia alternativa pode ser encaminhada por quem desenvolva projetos afins e tenha como justific\u00e1-los como m\u00eddias aplic\u00e1veis \u00e0 imprensa acad\u00eamico-cient\u00edfica; igualmente bem-vindo, o artista que desenvolva projetos visuais (nas artes pl\u00e1sticas, na fotografia ou no ambiente virtual) que integrem pesquisa de imagem, narrativa visual ou sistemas imag\u00e9ticos de comunica\u00e7\u00e3o alternativa.<\/p>\n\n\n\n<p class=\"has-system-serif-font-family\"><strong>Como submeter<\/strong>: Encaminhe o original em formato digital para <em><a href=\"mailto:editoria@editoriallaborat.com.br\">editoria@editoriallaborat.com.br<\/a><\/em> acompanhado dos seguintes documentos complementares: Formul\u00e1rio 1A: Submiss\u00e3o (download) e Declara\u00e7\u00e3o de Adequa\u00e7\u00e3o Textual (emitido pelo revisor qualificado, caso se aplique). Caso aprovado em primeira inst\u00e2ncia pela editoria executiva, o autor ser\u00e1 informado sobre o in\u00edcio do processo de avalia\u00e7\u00e3o por pares.<\/p>\n\n\n\n<div style=\"height:5px\" aria-hidden=\"true\" id=\"repositorio\" class=\"wp-block-spacer\"><\/div>\n\n\n\n<p class=\"has-text-align-center\"><strong>III. Para inclus\u00e3o de material acad\u00eamico complementar no reposit\u00f3rio de m\u00eddias e recursos de informa\u00e7\u00e3o acad\u00eamica<\/strong><\/p>\n\n\n\n<p class=\"has-system-serif-font-family\">Um reposit\u00f3rio de m\u00eddias de informa\u00e7\u00e3o inclui toda sorte de material que se produz no cotidiano ordin\u00e1rio da experi\u00eancia universit\u00e1ria, ora em situa\u00e7\u00f5es mais formais como congressos e afins, ora no curso di\u00e1rio das aulas, encontros de grupos de pesquisa, semin\u00e1rios menores de trabalho etc. No Editorial Laborat, seu reposit\u00f3rio inclui dois tipos de recursos de informa\u00e7\u00e3o: <br>(i) anais de eventos t\u00e9cnico-cient\u00edficos, produ\u00e7\u00f5es derivadas de disciplinas e cursos monogr\u00e1ficos, em especial da p\u00f3s-gradua\u00e7\u00e3o, selecionadas pelos respectivos docentes; <br>(ii) apresenta\u00e7\u00f5es em formato eletr\u00f4nico, espelhos de disciplinas conclu\u00eddas em plataformas de EAD, produ\u00e7\u00f5es visuais ou musicais, ou materiais afins.<\/p>\n\n\n\n<p class=\"has-system-serif-font-family\">O Editorial recebe em seu reposit\u00f3rio anais de quaisquer eventos t\u00e9cnico-cient\u00edficos de car\u00e1ter estritamente acad\u00eamico e gratuitos. No caso dos demais tipos de m\u00eddias e recursos, o Editorial est\u00e1 recebendo apenas contribui\u00e7\u00f5es dos grupos de pesquisa do Programa de P\u00f3s-Gradua\u00e7\u00e3o em Educa\u00e7\u00e3o da Uerj.<\/p>\n\n\n\n<p class=\"has-system-serif-font-family\"><strong>Como submeter<\/strong>: Em caso de anais de congressos ou afins, entre em contato com <a href=\"mailto:editoria@editoriallaborat.com.br\">editoria@editoriallaborat.com.br<\/a>, apresentando informa\u00e7\u00f5es detalhadas sobre o evento. Nos demais casos, contate diretamente a editoria executiva anexando o recurso que se deseja incluir no reposit\u00f3rio.<\/p>\n","protected":false},"excerpt":{"rendered":"<p>Editorial LaborAt I. Para publica\u00e7\u00e3o de livros autorais Considerem-se, antes de tudo, as \u00e1reas de interesse do Editorial, nos diferentes campos que dialogam com aspectos diversos das quest\u00f5es relacionadas \u00e0 Educa\u00e7\u00e3o Social Inclusiva, incluindo-se desde a educa\u00e7\u00e3o especial aos diferentes nichos de inclus\u00e3o de sujeitos em condi\u00e7\u00e3o de diversidade, como, por exemplo, intelectual cultural, \u00e9tnico-racial [&hellip;]<\/p>\n","protected":false},"author":1,"featured_media":0,"parent":75,"menu_order":0,"comment_status":"closed","ping_status":"closed","template":"page-no-title","meta":{"footnotes":""},"class_list":["post-140","page","type-page","status-publish","hentry"],"_links":{"self":[{"href":"https:\/\/editoriallaborat.com.br\/index.php?rest_route=\/wp\/v2\/pages\/140","targetHints":{"allow":["GET"]}}],"collection":[{"href":"https:\/\/editoriallaborat.com.br\/index.php?rest_route=\/wp\/v2\/pages"}],"about":[{"href":"https:\/\/editoriallaborat.com.br\/index.php?rest_route=\/wp\/v2\/types\/page"}],"author":[{"embeddable":true,"href":"https:\/\/editoriallaborat.com.br\/index.php?rest_route=\/wp\/v2\/users\/1"}],"replies":[{"embeddable":true,"href":"https:\/\/editoriallaborat.com.br\/index.php?rest_route=%2Fwp%2Fv2%2Fcomments&post=140"}],"version-history":[{"count":4,"href":"https:\/\/editoriallaborat.com.br\/index.php?rest_route=\/wp\/v2\/pages\/140\/revisions"}],"predecessor-version":[{"id":148,"href":"https:\/\/editoriallaborat.com.br\/index.php?rest_route=\/wp\/v2\/pages\/140\/revisions\/148"}],"up":[{"embeddable":true,"href":"https:\/\/editoriallaborat.com.br\/index.php?rest_route=\/wp\/v2\/pages\/75"}],"wp:attachment":[{"href":"https:\/\/editoriallaborat.com.br\/index.php?rest_route=%2Fwp%2Fv2%2Fmedia&parent=140"}],"curies":[{"name":"wp","href":"https:\/\/api.w.org\/{rel}","templated":true}]}}

<p class="has-text-align-center has-system-serif-font-family has-xx-large-font-size">Editorial Labor<em>A</em>t</p>



<div class="wp-block-buttons is-content-justification-center is-layout-flex wp-container-core-buttons-is-layout-a89b3969 wp-block-buttons-is-layout-flex">
<div class="wp-block-button has-custom-width wp-block-button__width-50"><a class="wp-block-button__link has-contrast-color has-accent-2-background-color has-text-color has-background has-link-color has-heading-font-family has-large-font-size has-custom-font-size wp-element-button" style="border-radius:73px;padding-right:var(--wp--preset--spacing--10);padding-left:var(--wp--preset--spacing--10)"><strong>C<em>om</em>o Pu<em>blic</em>ar</strong></a></div>
</div>



<div class="wp-block-buttons is-content-justification-center is-layout-flex wp-container-core-buttons-is-layout-a89b3969 wp-block-buttons-is-layout-flex">
<div class="wp-block-button"><a class="wp-block-button__link has-contrast-color has-contrast-3-background-color has-text-color has-background has-link-color wp-element-button" href="#livros">Livros</a></div>



<div class="wp-block-button"><a class="wp-block-button__link has-contrast-color has-accent-4-background-color has-text-color has-background has-link-color wp-element-button" href="#midiasalternativas">Mídias Alternativas</a></div>



<div class="wp-block-button"><a class="wp-block-button__link has-contrast-color has-accent-5-background-color has-text-color has-background has-link-color wp-element-button" href="#repositorio">Repositório</a></div>
</div>



<div style="height:20px" aria-hidden="true" id="livros" class="wp-block-spacer"></div>



<p class="has-text-align-center has-medium-font-size"><strong>I. Para publicação de livros autorais</strong><br></p>



<p class="has-system-serif-font-family has-medium-font-size" style="border-style:none;border-width:0px;margin-top:0;margin-right:0;margin-bottom:0;margin-left:0;padding-top:0;padding-right:0;padding-bottom:0;padding-left:0">Considerem-se, antes de tudo, as áreas de interesse do Editorial, nos diferentes campos que dialogam com aspectos diversos das questões relacionadas à Educação Social Inclusiva, incluindo-se desde a educação especial aos diferentes nichos de inclusão de sujeitos em condição de diversidade, como, por exemplo, intelectual cultural, étnico-racial ou de gênero.</p>



<p class="has-system-serif-font-family has-medium-font-size" style="border-style:none;border-width:0px;margin-top:0;margin-right:0;margin-bottom:0;margin-left:0;padding-top:0;padding-right:0;padding-bottom:0;padding-left:0">Considere-se, também, que o Editorial tem compromisso com o desenvolvimento de conhecimento derivado de vozes do Sul do planeta, particularmente do Brasil e seus pares latino-americanos. Nisto consiste, propriamente, o que se entende por “<em>livro autoral</em>”.</p>



<p class="has-system-serif-font-family has-medium-font-size"><strong>Do conteúdo</strong>: no escopo do Editorial LaborAt, livros autorais compõem-se de estudos monográficos que contenham contribuições inéditas ao avanço do arcabouço teórico das ciências Humanas ou Sociais. Não se enquadram neste perfil, trabalhos oriundos de pesquisas aplicadas focalmente, estudos de caso, relatos ou narrativas pessoais, ou outros, que não tenham por objeto central questões de cunho fundamentalmente teórico.</p>



<p class="has-system-serif-font-family">Entre os tipos de contribuições que se podem caracterizar como fundamentalmente teóricas, incluem-se, por exemplo: a) estudos visando a definir exaustivamente um conceito, modelo ou doutrina teórica visando a contribuir com hipóteses destinadas a caracterizar, explicar e descrever as representações simbólicas do Homem em condição de diversidade, sua linguagem, modos de pensar e produzir cultura; b) estudos, comparados ou não, dedicados à avaliação sistemática de aportes teóricos já concebidos, seja do ponto de vista de suas bases argumentativas, seja do ponto de vista de seu emprego como base fundamental da Educação Social Inclusiva; c) resenhas teóricas contrastivas ou complementares, visando descrever a memória histórica das bases teóricas de um conceito, modelo ou doutrina que apresentem significativo interesse para os estudos em Educação Social Inclusiva.</p>



<p class="has-system-serif-font-family"><strong>Dos autores</strong>: independentemente do processo de avaliação dos originais pelo comitê editorial, todo autor deve atender a alguns critérios de credenciamento prévio, a saber: (1) ser docente (ou ter sido, em caso de aposentado) credenciado como membro permanente e orientador de um programa de pós-graduação, apresentando produção acadêmica compatível verificável em plataformas digitais acadêmico-científicas; (2) no caso de docente atuando fora do Brasil, atuar na orientação de pesquisadores pós-graduandos de mestrado ou doutorado e apresentar produção acadêmica compatível com aquela necessária para fins de credenciamento em programas de pós-graduação bem avaliados no Brasil.</p>



<p class="has-system-serif-font-family"><strong>Originais</strong>: Manuscritos devem ser inéditos, redigidos em Português ou Espanhol, em formato <em>MS-Word</em> (<em>docx</em>), contendo 100 ou mais laudas, e acompanhados de declaração de adequação linguístico-gramatical emitida por revisor qualificado com formação em Letras (o editorial não realiza revisão textual). &nbsp;</p>



<p class="has-system-serif-font-family"><strong>Coletâneas</strong>: publicam-se obras coletâneas compostas por capítulos elaborados por diferentes autores, neste caso, considerando-se todas as demais condições acima e, ainda a seguintes: (i) todos os capítulos sejam uniformes em forma e extensão; (ii) sejam coerentes com um tema comum, de modo a que se possa ter na obra uma unidade semelhante à de um estudo monográfico; em coletâneas, todos os capítulos devem ser assinados por um docente qualificado como autor, podendo vir assinados, também, por seus orientandos atuais ou egressos devidamente vinculados a seus respectivos grupos de pesquisa.</p>



<p class="has-system-serif-font-family"><strong>Como submeter</strong>: Encaminhe o manuscrito para <em><a href="mailto:editoria@editoriallaborat.com.br">editoria@editoriallaborat.com.br</a></em> acompanhado dos seguintes documentos complementares: Formulário 1: Submissão (download) e Declaração de Adequação Textual (emitido pelo revisor qualificado). Caso aprovado em primeira instância pela editoria executiva, o autor será informado sobre o início do processo de avaliação por pares.</p>



<div style="height:5px" aria-hidden="true" id="midiasalternativas" class="wp-block-spacer"></div>



<p class="has-text-align-center"><strong>II. Para publicação de mídias acadêmicas alternativas</strong></p>



<p class="has-system-serif-font-family">Consideramos mídias acadêmicas alternativas aquelas que transbordam os limites dos textos escritos, explorando diferentes tipos de mídias hipertextuais ou, sobretudo, diferentes experiências com a produção visual integrada à informação acadêmico-científica, inclusive como formas de arte; neste ramo de publicações do editorial, privilegiam-se obras que contribuam para o desenvolvimento de novos gêneros de informação aplicáveis no futuro das mídias da imprensa acadêmico-científica.</p>



<p class="has-system-serif-font-family"><strong>Do conteúdo</strong>: Dado o caráter experimental deste ramo de publicações, enfatiza-se o produto em si independentemente dos temas abordados, restringindo-se tão somente aquilo que for objeto de desinformação, publicidade de cunho privado ou pessoal, e, em especial, constituir matéria lesiva à integridade moral de pessoas, grupos sociais, apologéticas a ideologias sectaristas ou indutoras de comportamentos, crenças ou afins relacionados ao ódio, à discriminação, à apologia ao crime ou quaisquer outros ramos lesivos à integridade humana, às instituições democráticas e aos direitos fundamentais.</p>



<p class="has-system-serif-font-family"><strong>Dos autores</strong>: A submissão de um projeto de edição de mídia alternativa pode ser encaminhada por quem desenvolva projetos afins e tenha como justificá-los como mídias aplicáveis à imprensa acadêmico-científica; igualmente bem-vindo, o artista que desenvolva projetos visuais (nas artes plásticas, na fotografia ou no ambiente virtual) que integrem pesquisa de imagem, narrativa visual ou sistemas imagéticos de comunicação alternativa.</p>



<p class="has-system-serif-font-family"><strong>Como submeter</strong>: Encaminhe o original em formato digital para <em><a href="mailto:editoria@editoriallaborat.com.br">editoria@editoriallaborat.com.br</a></em> acompanhado dos seguintes documentos complementares: Formulário 1A: Submissão (download) e Declaração de Adequação Textual (emitido pelo revisor qualificado, caso se aplique). Caso aprovado em primeira instância pela editoria executiva, o autor será informado sobre o início do processo de avaliação por pares.</p>



<div style="height:5px" aria-hidden="true" id="repositorio" class="wp-block-spacer"></div>



<p class="has-text-align-center"><strong>III. Para inclusão de material acadêmico complementar no repositório de mídias e recursos de informação acadêmica</strong></p>



<p class="has-system-serif-font-family">Um repositório de mídias de informação inclui toda sorte de material que se produz no cotidiano ordinário da experiência universitária, ora em situações mais formais como congressos e afins, ora no curso diário das aulas, encontros de grupos de pesquisa, seminários menores de trabalho etc. No Editorial Laborat, seu repositório inclui dois tipos de recursos de informação: <br>(i) anais de eventos técnico-científicos, produções derivadas de disciplinas e cursos monográficos, em especial da pós-graduação, selecionadas pelos respectivos docentes; <br>(ii) apresentações em formato eletrônico, espelhos de disciplinas concluídas em plataformas de EAD, produções visuais ou musicais, ou materiais afins.</p>



<p class="has-system-serif-font-family">O Editorial recebe em seu repositório anais de quaisquer eventos técnico-científicos de caráter estritamente acadêmico e gratuitos. No caso dos demais tipos de mídias e recursos, o Editorial está recebendo apenas contribuições dos grupos de pesquisa do Programa de Pós-Graduação em Educação da Uerj.</p>



<p class="has-system-serif-font-family"><strong>Como submeter</strong>: Em caso de anais de congressos ou afins, entre em contato com <a href="mailto:editoria@editoriallaborat.com.br">editoria@editoriallaborat.com.br</a>, apresentando informações detalhadas sobre o evento. Nos demais casos, contate diretamente a editoria executiva anexando o recurso que se deseja incluir no repositório.</p>

<p>Editorial LaborAt I. Para publicação de livros autorais Considerem-se, antes de tudo, as áreas de interesse do Editorial, nos diferentes campos que dialogam com aspectos diversos das questões relacionadas à Educação Social Inclusiva, incluindo-se desde a educação especial aos diferentes nichos de inclusão de sujeitos em condição de diversidade, como, por exemplo, intelectual cultural, étnico-racial [&hellip;]</p>
